{"id":6570,"date":"2025-08-18T12:53:47","date_gmt":"2025-08-18T17:53:47","guid":{"rendered":"https:\/\/cooperdomo.edu.co\/?page_id=6570"},"modified":"2025-08-18T12:58:04","modified_gmt":"2025-08-18T17:58:04","slug":"open-school-2026","status":"publish","type":"page","link":"https:\/\/cooperdomo.edu.co\/index.php\/open-school-2026\/","title":{"rendered":"Open School 2026"},"content":{"rendered":"<div class=\"wpb-content-wrapper\"><p>[vc_row][vc_column][stm_spacing][\/vc_column][\/vc_row][vc_row][vc_column][vc_row_inner][vc_column_inner][vc_single_image image=&#8221;6583&#8243; img_size=&#8221;1024&#215;200&#8243; alignment=&#8221;center&#8221; css_animation=&#8221;fadeIn&#8221; css=&#8221;&#8221;][vc_single_image image=&#8221;6610&#8243; img_size=&#8221;1024&#215;350&#8243; alignment=&#8221;center&#8221; css_animation=&#8221;slideInDown&#8221; css=&#8221;&#8221;][\/vc_column_inner][\/vc_row_inner][\/vc_column][\/vc_row][vc_row][vc_column][vc_single_image image=&#8221;6582&#8243; img_size=&#8221;1024&#215;100&#8243; alignment=&#8221;center&#8221; css_animation=&#8221;bounceIn&#8221; css=&#8221;&#8221;][vc_icon icon_fontawesome=&#8221;stmlms-qr&#8221; color=&#8221;white&#8221; background_style=&#8221;boxed&#8221; background_color=&#8221;green&#8221; size=&#8221;lg&#8221; align=&#8221;center&#8221; css=&#8221;&#8221;][vc_text_separator title=&#8221;Formulario de Pre-Inscripciones 2026&#8243; color=&#8221;sky&#8221; css_animation=&#8221;flipInX&#8221; css=&#8221;.vc_custom_1755535645357{border-color: #1e73be !important;}&#8221;][stm_single_image img_alignment=&#8221;center&#8221; img_responsive_enable=&#8221;true&#8221; img_id=&#8221;6573&#8243; img_size=&#8221;medium&#8221;][\/vc_column][\/vc_row][vc_row css=&#8221;.vc_custom_1755538563064{margin-right: 50px !important;margin-left: 50px !important;}&#8221;][vc_column][vc_row_inner css=&#8221;.vc_custom_1755538702784{border-left-width: 10px !important;padding-right: 10px !important;background-color: #fdea18 !important;border-left-style: solid !important;border-radius: 5px !important;border-color: #000000 !important;}&#8221;][vc_column_inner][vc_custom_heading text=&#8221;Para mayor informaci\u00f3n, cont\u00e1ctanos al correo:<br \/>\nsecretaria.academica@cooperdomo.edu.co&#8221; font_container=&#8221;tag:h5|text_align:center|color:%230a0a0a&#8221; google_fonts=&#8221;font_family:Lora%3Aregular%2Citalic%2C700%2C700italic|font_style:700%20bold%20regular%3A700%3Anormal&#8221; css=&#8221;.vc_custom_1755538424448{margin-bottom: 0px !important;padding-top: 15px !important;padding-right: 5px !important;padding-bottom: 5px !important;padding-left: 5px !important;}&#8221; link=&#8221;url:http%3A%2F%2F%3Ca%20href%3D%22mailto%3Asecretaria.academica%40cooperdomo.edu.co%22%3Esecretaria.academica%40cooperdomo.edu.co%3C%2Fa%3E|target:_blank&#8221;][\/vc_column_inner][vc_column_inner][vc_custom_heading text=&#8221;\u00d3 escr\u00edbenos al n\u00famero&#8221; font_container=&#8221;tag:h4|text_align:center|color:%230a0a0a&#8221; google_fonts=&#8221;font_family:Lora%3Aregular%2Citalic%2C700%2C700italic|font_style:700%20bold%20regular%3A700%3Anormal&#8221; css=&#8221;.vc_custom_1755537889756{margin-bottom: 0px !important;padding-top: 5px !important;padding-right: 5px !important;padding-bottom: 5px !important;padding-left: 5px !important;}&#8221;][vc_single_image image=&#8221;6592&#8243; img_size=&#8221;1024&#215;100&#8243; alignment=&#8221;center&#8221; onclick=&#8221;custom_link&#8221; css=&#8221;&#8221; link=&#8221;https:\/\/wa.me\/573507894784&#8243;][\/vc_column_inner][\/vc_row_inner][\/vc_column][\/vc_row][vc_row][vc_column][vc_single_image image=&#8221;6612&#8243; img_size=&#8221;1024&#215;200&#8243; alignment=&#8221;center&#8221; css_animation=&#8221;fadeInUp&#8221; css=&#8221;.vc_custom_1755539645803{margin-top: 10px !important;margin-right: 10px !important;margin-bottom: 10px !important;margin-left: 10px !important;}&#8221;][\/vc_column][\/vc_row]<\/p>\n<\/div>","protected":false},"excerpt":{"rendered":"<p>[vc_row][vc_column][stm_spacing][\/vc_column][\/vc_row][vc_row][vc_column][vc_row_inner][vc_column_inner][vc_single_image image=&#8221;6583&#8243; img_size=&#8221;1024&#215;200&#8243; alignment=&#8221;center&#8221; css_animation=&#8221;fadeIn&#8221; css=&#8221;&#8221;][vc_single_image image=&#8221;6610&#8243; img_size=&#8221;1024&#215;350&#8243; alignment=&#8221;center&#8221; css_animation=&#8221;slideInDown&#8221; css=&#8221;&#8221;][\/vc_column_inner][\/vc_row_inner][\/vc_column][\/vc_row][vc_row][vc_column][vc_single_image image=&#8221;6582&#8243; img_size=&#8221;1024&#215;100&#8243; alignment=&#8221;center&#8221; css_animation=&#8221;bounceIn&#8221; css=&#8221;&#8221;][vc_icon icon_fontawesome=&#8221;stmlms-qr&#8221; color=&#8221;white&#8221; background_style=&#8221;boxed&#8221; background_color=&#8221;green&#8221; size=&#8221;lg&#8221; align=&#8221;center&#8221; css=&#8221;&#8221;][vc_text_separator title=&#8221;Formulario de Pre-Inscripciones 2026&#8243; color=&#8221;sky&#8221; css_animation=&#8221;flipInX&#8221; css=&#8221;.vc_custom_1755535645357{border-color: #1e73be !important;}&#8221;][stm_single_image img_alignment=&#8221;center&#8221; img_responsive_enable=&#8221;true&#8221; img_id=&#8221;6573&#8243; img_size=&#8221;medium&#8221;][\/vc_column][\/vc_row][vc_row css=&#8221;.vc_custom_1755538563064{margin-right: 50px !important;margin-left: 50px !important;}&#8221;][vc_column][vc_row_inner css=&#8221;.vc_custom_1755538702784{border-left-width: 10px !important;padding-right: 10px !important;background-color: #fdea18 !important;border-left-style: solid !important;border-radius: 5px !important;border-color: #000000 !important;}&#8221;][vc_column_inner][vc_custom_heading text=&#8221;Para [&hellip;]<\/p>\n","protected":false},"author":1,"featured_media":6608,"parent":0,"menu_order":0,"comment_status":"closed","ping_status":"closed","template":"","meta":{"footnotes":""},"class_list":["post-6570","page","type-page","status-publish","has-post-thumbnail","hentry"],"_links":{"self":[{"href":"https:\/\/cooperdomo.edu.co\/index.php\/wp-json\/wp\/v2\/pages\/6570","targetHints":{"allow":["GET"]}}],"collection":[{"href":"https:\/\/cooperdomo.edu.co\/index.php\/wp-json\/wp\/v2\/pages"}],"about":[{"href":"https:\/\/cooperdomo.edu.co\/index.php\/wp-json\/wp\/v2\/types\/page"}],"author":[{"embeddable":true,"href":"https:\/\/cooperdomo.edu.co\/index.php\/wp-json\/wp\/v2\/users\/1"}],"replies":[{"embeddable":true,"href":"https:\/\/cooperdomo.edu.co\/index.php\/wp-json\/wp\/v2\/comments?post=6570"}],"version-history":[{"count":35,"href":"https:\/\/cooperdomo.edu.co\/index.php\/wp-json\/wp\/v2\/pages\/6570\/revisions"}],"predecessor-version":[{"id":6618,"href":"https:\/\/cooperdomo.edu.co\/index.php\/wp-json\/wp\/v2\/pages\/6570\/revisions\/6618"}],"wp:featuredmedia":[{"embeddable":true,"href":"https:\/\/cooperdomo.edu.co\/index.php\/wp-json\/wp\/v2\/media\/6608"}],"wp:attachment":[{"href":"https:\/\/cooperdomo.edu.co\/index.php\/wp-json\/wp\/v2\/media?parent=6570"}],"curies":[{"name":"wp","href":"https:\/\/api.w.org\/{rel}","templated":true}]}}