{"id":4339,"date":"2016-02-10T07:06:04","date_gmt":"2016-02-10T07:06:04","guid":{"rendered":"http:\/\/smartyschool.stylemixthemes.com\/?page_id=1092"},"modified":"2025-09-22T19:26:34","modified_gmt":"2025-09-23T00:26:34","slug":"admissions-2","status":"publish","type":"page","link":"https:\/\/cooperdomo.edu.co\/index.php\/admissions-2\/","title":{"rendered":"Proceso de Admisiones"},"content":{"rendered":"<div class=\"wpb-content-wrapper\"><p>[vc_row css=&#8221;.vc_custom_1459859399026{padding-top: 80px !important;}&#8221;][vc_column][vc_column_text css=&#8221;.vc_custom_1756948115682{margin-top: 20px !important;margin-right: 20px !important;margin-bottom: 20px !important;margin-left: 20px !important;padding-top: 10px !important;padding-right: 10px !important;padding-bottom: 10px !important;padding-left: 10px !important;background-color: #eeee22 !important;}&#8221;]<\/p>\n<p style=\"text-align: center;\"><span style=\"color: #003300;\"><strong>Proceso de Admisiones 2026, aplica para estudiantes nuevos.<\/strong><\/span><\/p>\n<p>[\/vc_column_text][stm_title title_tag=&#8221;h2&#8243; title_align=&#8221;center&#8221; sep_enable=&#8221;true&#8221; subtitle_enable=&#8221;true&#8221; title=&#8221;Haz parte de nuestra Instituci\u00f3n&#8221; subtitle_font_size=&#8221;18px&#8221; subtitle_margin_b=&#8221;43px&#8221; sep_margin_b=&#8221;52px&#8221;]<\/p>\n<p style=\"text-align: center;\"><strong>Iniciamos proceso de Admisiones hasta el 17 de Octubre del 2025.<\/strong><\/p>\n<p style=\"text-align: center;\">Aqu\u00ed encontrar\u00e1s toda la informaci\u00f3n necesaria para formar parte de nuestra comunidad. Desde los requisitos de inscripci\u00f3n hasta las fechas clave y los detalles sobre nuestro proceso de admisi\u00f3n, estamos aqu\u00ed para guiarte en cada paso del camino. <span style=\"font-size: 8pt;\">*<em>Aplica para estudiantes nuevos.<\/em><\/span><\/p>\n<p>[\/stm_title][vc_row_inner css=&#8221;.vc_custom_1455093758686{padding-bottom: 60px !important;}&#8221;][vc_column_inner offset=&#8221;vc_col-lg-4 vc_col-md-4&#8243;][stm_icon_box view_style=&#8221;style-4&#8243; icon_type=&#8221;svg&#8221; icon_color=&#8221;custom&#8221; title_color=&#8221;swampy&#8221; svg_animated=&#8221;true&#8221; title=&#8221;Realiza el Pago&#8221; descr=&#8221;Realiza el pago de admisiones por una tarifa de $50.000 por los medios de pago disponibles.&#8221; button_enable=&#8221;true&#8221; button_text=&#8221;Paga ahora!&#8221; button_link=&#8221;url:https%3A%2F%2Fcooperdomo.edu.co%2Findex.php%2Fmediosdepago%2F|title:Medios%20Pagos|target:_blank&#8221; icon_size=&#8221;61px&#8221; css=&#8221;.vc_custom_1729131275223{margin-right: -5px !important;margin-bottom: 30px !important;margin-left: -5px !important;}&#8221; svg_id=&#8221;4298&#8243; icon_color_custom=&#8221;#81d742&#8243;][\/vc_column_inner][vc_column_inner offset=&#8221;vc_col-lg-4 vc_col-md-4&#8243;][stm_icon_box view_style=&#8221;style-4&#8243; icon_type=&#8221;svg&#8221; icon_color=&#8221;custom&#8221; title_color=&#8221;swampy&#8221; svg_animated=&#8221;true&#8221; title=&#8221;Diligencia el Formulario&#8221; button_enable=&#8221;true&#8221; icon_size=&#8221;61px&#8221; css=&#8221;.vc_custom_1756946703764{margin-right: -10px !important;margin-bottom: 30px !important;}&#8221; svg_id=&#8221;3355&#8243; descr=&#8221;Diligencia el formulario en la plataforma educativa y la documentaci\u00f3n completa requerida se deben entregar en la oficina de Secretar\u00eda Acad\u00e9mica.&#8221; button_text=&#8221;Ingresa aqu\u00ed!&#8221; button_link=&#8221;url:https%3A%2F%2Fseinotas.callsystem.com.co|target:_blank&#8221; icon_color_custom=&#8221;#81d742&#8243;][\/vc_column_inner][vc_column_inner offset=&#8221;vc_col-lg-4 vc_col-md-4&#8243;][stm_icon_box view_style=&#8221;style-4&#8243; icon_type=&#8221;svg&#8221; svg_animated=&#8221;true&#8221; title=&#8221;Entrega de documentaci\u00f3n&#8221; descr=&#8221;Env\u00eda una copia del formulario diligenciado y el comprobante de pago al correo institucional de secretar\u00eda acad\u00e9mica. Se dispondr\u00e1 de la recepci\u00f3n de los documentos en f\u00edsico en las instalaciones de la instituci\u00f3n. Para programar examen de Admisi\u00f3n y entrevista.&#8221; button_enable=&#8221;true&#8221; button_text=&#8221;Enviar comprobantes&#8221; button_link=&#8221;url:mailto%3Asecretaria.academica%40cooperdomo.edu.co|target:_blank&#8221; icon_size=&#8221;61px&#8221; css=&#8221;.vc_custom_1729131728852{margin-left: -10px !important;}&#8221; svg_id=&#8221;4299&#8243;][\/vc_column_inner][\/vc_row_inner][vc_row_inner][vc_column_inner width=&#8221;1\/2&#8243;][stm_title title_tag=&#8221;h2&#8243; sep_enable=&#8221;true&#8221; title=&#8221;Ex\u00e1men de Admisi\u00f3n 2026&#8243;][\/stm_title][stm_title title_tag=&#8221;h4&#8243; title_font_weight=&#8221;400&#8243; title=&#8221;Para tener en cuenta&#8221; title_margin_b=&#8221;37px&#8221;][\/stm_title][vc_column_text css=&#8221;&#8221;]<\/p>\n<ul>\n<li>El examen de admisi\u00f3n es una prueba de conocimientos b\u00e1sicos, <strong>donde la participaci\u00f3n es de car\u00e1cter obligatorio<\/strong>, para explicar la finalidad de la educaci\u00f3n cooperativa.<strong> *<span style=\"font-size: 14px;\"><em>Para poder presentar el examen debe haber radicado la documentaci\u00f3n con anticipaci\u00f3n, ese d\u00eda no se reciben documentos).<\/em><\/span><\/strong><\/li>\n<li><strong>El asociado debe ser pap\u00e1 o mam\u00e1 unicamente<\/strong> y este quedar\u00e1 como representante de la Cooperativa, <em>los campos en el formulario son de car\u00e1cter obligatorio, no se deben dejar espacios en blanco.<\/em><\/li>\n<li><strong>El Formulario debe ser diligenciado y entregado en\u00a0 Secretaria Acad\u00e9mica<\/strong> con documentaci\u00f3n completa a<strong><em> m\u00e1s tardar el 17 de Octubre del 2025.<\/em><\/strong><\/li>\n<\/ul>\n<p>[\/vc_column_text][\/vc_column_inner][vc_column_inner width=&#8221;1\/2&#8243; css=&#8221;.vc_custom_1729130361613{background-color: #eeee22 !important;}&#8221;][stm_text_box title_tag=&#8221;h4&#8243; title=&#8221;Documentos requeridos&#8221;]<\/p>\n<ol>\n<li>Fotocopia del registro civil y fotocopia del documento de identificaci\u00f3n (TI).<\/li>\n<li>Fotocopia del Paz y Salvo del colegio anterior.<\/li>\n<li>Certificaci\u00f3n de afiliaci\u00f3n a la EPS.<\/li>\n<li>Formato de Procedencia (Este documento lo entregaremos para su diligenciamiento en la instituci\u00f3n de d\u00f3nde proviene).<\/li>\n<li>Solicitud de retiro del SIMAT del colegio de procedencia (Finalizando el a\u00f1o escolar 2025).<\/li>\n<li>Fotocopia del Observador o constancia de conducta<\/li>\n<li>Para Preescolar: Fotocopia del carn\u00e9 de vacunas.<\/li>\n<li>Para Primaria: Bolet\u00edn Final original de Rendimiento Acad\u00e9mico a\u00f1o 2025.<\/li>\n<li>Para Bachillerato: Certificados de notas en original desde grado 5\u00b0 (Solo para bachillerato).<\/li>\n<li>El Asociado (uno de los padres de familia) debe traer fotocopia de la C\u00e9dula, de un recibo de servicio p\u00fablico y certificaci\u00f3n laboral, para independientes Rut o C\u00e1mara y Comercio, diligenciar el formulario de Sarlaft.<\/li>\n<li>Original y Fotocopia del recibo de pago de aportes cooperativa, matr\u00edcula y otros costos, debidamente cancelado (para el momento de la matr\u00edcula).<\/li>\n<\/ol>\n<p>[\/stm_text_box][\/vc_column_inner][\/vc_row_inner][vc_row_inner][vc_column_inner][vc_separator color=&#8221;green&#8221; style=&#8221;shadow&#8221; border_width=&#8221;2&#8243; css=&#8221;&#8221;][vc_custom_heading text=&#8221;Importante&#8221; font_container=&#8221;tag:h4|text_align:center&#8221; use_theme_fonts=&#8221;yes&#8221; css=&#8221;.vc_custom_1756947626626{padding-top: 5px !important;padding-right: 5px !important;padding-bottom: 5px !important;padding-left: 5px !important;background-color: #f9e900 !important;}&#8221;][vc_column_text css=&#8221;&#8221;]<\/p>\n<ul style=\"list-style-type: square;\">\n<li style=\"text-align: left;\"><span style=\"font-family: helvetica, arial, sans-serif;\"><em>El hacer el proceso de admisi\u00f3n no garantiza obtener el cupo, el colegio se reserva el derecho de admisi\u00f3n.<\/em><\/span><\/li>\n<li style=\"text-align: left;\"><span style=\"font-family: helvetica, arial, sans-serif;\"><em>Para el a\u00f1o 2026 se ofertan cupos en los grados transici\u00f3n, 1\u00b0, 2\u00b0, 3\u00b0, 4\u00b0, 5\u00b0, 6\u00b0, 7\u00b0, 8\u00b0, 9\u00b0 y 10\u00b0.<\/em><\/span><\/li>\n<li style=\"text-align: left;\"><span style=\"font-family: helvetica, arial, sans-serif;\"><em>El rango de edad para ingresar a grado transici\u00f3n es de 5 a\u00f1os cumplidos a m\u00e1s tardar en el mes de marzo.<\/em><\/span><\/li>\n<li style=\"text-align: left;\"><span style=\"font-family: helvetica, arial, sans-serif;\"><em>El colegio imparte educaci\u00f3n en edad regular por lo tanto no se aceptan estudiantes con extraedad.<\/em><\/span><\/li>\n<\/ul>\n<p>[\/vc_column_text][\/vc_column_inner][\/vc_row_inner][vc_row_inner][vc_column_inner width=&#8221;1\/2&#8243;][stm_title title_tag=&#8221;h2&#8243; sep_enable=&#8221;true&#8221; title=&#8221;Entrevista&#8221;][\/stm_title][vc_column_text css=&#8221;&#8221;]<\/p>\n<ul>\n<li>Se realizar\u00e1 la entrevista al grupo familiar del estudiante que aspira al cupo en la instituci\u00f3n.<strong> La fecha se entregar\u00e1 finalizando el examen de admisi\u00f3n.<\/strong><\/li>\n<\/ul>\n<p>[\/vc_column_text][\/vc_column_inner][vc_column_inner width=&#8221;1\/2&#8243; css=&#8221;.vc_custom_1756947847521{background-color: #22a000 !important;}&#8221;][stm_title title_tag=&#8221;h2&#8243; title_color=&#8221;custom&#8221; sep_enable=&#8221;true&#8221; title=&#8221;Resultados&#8221; title_color_custom=&#8221;#ffffff&#8221;][\/stm_title][vc_column_text css=&#8221;&#8221;]<\/p>\n<ul>\n<li><span style=\"color: #ffffff;\"><strong>El resultado del proceso de admisi\u00f3n se publicar\u00e1 en la p\u00e1gina web.<\/strong><\/span><\/li>\n<\/ul>\n<p>[\/vc_column_text][\/vc_column_inner][\/vc_row_inner][\/vc_column][\/vc_row][vc_row css=&#8221;.vc_custom_1455094143076{margin-bottom: 0px !important;padding-top: 38px !important;padding-bottom: 30px !important;}&#8221;][vc_column][stm_title title_tag=&#8221;h2&#8243; sep_enable=&#8221;true&#8221; title=&#8221;Contacta a uno de nuestros representantes de Admisiones&#8221; sep_margin_b=&#8221;50px&#8221;][\/stm_title][vc_row_inner][vc_column_inner offset=&#8221;vc_col-lg-4 vc_col-md-5&#8243;][stm_contact_person img_id=&#8221;5329&#8243; name=&#8221;Dorys Elena Vinasco Salazar&#8221; question=&#8221;Secretar\u00eda Acad\u00e9mica&#8221; tel=&#8221;+57 322 6820372&#8243; email=&#8221;secretaria.academica@cooperdomo.edu.co&#8221; css=&#8221;.vc_custom_1726550787159{margin-bottom: 50px !important;}&#8221;][stm_contact_person img_id=&#8221;5333&#8243; name=&#8221;Alejandra Barreto Pinz\u00f3n&#8221; question=&#8221;Tesorer\u00eda&#8221; tel=&#8221;+57 322 6820372&#8243; email=&#8221;tesoreria@cooperdomo.edu.co&#8221; css=&#8221;.vc_custom_1726550805183{margin-bottom: 50px !important;}&#8221;][\/vc_column_inner][\/vc_row_inner][\/vc_column][\/vc_row][vc_row][vc_column][stm_footer][\/vc_column][\/vc_row]<\/p>\n<\/div>","protected":false},"excerpt":{"rendered":"<p>[vc_row css=&#8221;.vc_custom_1459859399026{padding-top: 80px !important;}&#8221;][vc_column][vc_column_text css=&#8221;.vc_custom_1756948115682{margin-top: 20px !important;margin-right: 20px !important;margin-bottom: 20px !important;margin-left: 20px !important;padding-top: 10px !important;padding-right: 10px !important;padding-bottom: 10px !important;padding-left: 10px !important;background-color: #eeee22 !important;}&#8221;] Proceso de Admisiones 2026, aplica para estudiantes nuevos. [\/vc_column_text][stm_title title_tag=&#8221;h2&#8243; title_align=&#8221;center&#8221; sep_enable=&#8221;true&#8221; subtitle_enable=&#8221;true&#8221; title=&#8221;Haz parte de nuestra Instituci\u00f3n&#8221; subtitle_font_size=&#8221;18px&#8221; subtitle_margin_b=&#8221;43px&#8221; sep_margin_b=&#8221;52px&#8221;] Iniciamos proceso de Admisiones hasta el 17 de Octubre del 2025. [&hellip;]<\/p>\n","protected":false},"author":1,"featured_media":0,"parent":0,"menu_order":0,"comment_status":"closed","ping_status":"closed","template":"","meta":{"footnotes":""},"class_list":["post-4339","page","type-page","status-publish","hentry"],"_links":{"self":[{"href":"https:\/\/cooperdomo.edu.co\/index.php\/wp-json\/wp\/v2\/pages\/4339","targetHints":{"allow":["GET"]}}],"collection":[{"href":"https:\/\/cooperdomo.edu.co\/index.php\/wp-json\/wp\/v2\/pages"}],"about":[{"href":"https:\/\/cooperdomo.edu.co\/index.php\/wp-json\/wp\/v2\/types\/page"}],"author":[{"embeddable":true,"href":"https:\/\/cooperdomo.edu.co\/index.php\/wp-json\/wp\/v2\/users\/1"}],"replies":[{"embeddable":true,"href":"https:\/\/cooperdomo.edu.co\/index.php\/wp-json\/wp\/v2\/comments?post=4339"}],"version-history":[{"count":53,"href":"https:\/\/cooperdomo.edu.co\/index.php\/wp-json\/wp\/v2\/pages\/4339\/revisions"}],"predecessor-version":[{"id":6808,"href":"https:\/\/cooperdomo.edu.co\/index.php\/wp-json\/wp\/v2\/pages\/4339\/revisions\/6808"}],"wp:attachment":[{"href":"https:\/\/cooperdomo.edu.co\/index.php\/wp-json\/wp\/v2\/media?parent=4339"}],"curies":[{"name":"wp","href":"https:\/\/api.w.org\/{rel}","templated":true}]}}