{"id":4322,"date":"2015-11-25T07:32:54","date_gmt":"2015-11-25T07:32:54","guid":{"rendered":"http:\/\/smartyschool.stylemixthemes.com\/?page_id=21"},"modified":"2024-11-22T11:42:49","modified_gmt":"2024-11-22T16:42:49","slug":"acercadenuestracooperativa","status":"publish","type":"page","link":"https:\/\/cooperdomo.edu.co\/index.php\/acercadenuestracooperativa\/","title":{"rendered":"Acerca de nuestra Cooperativa"},"content":{"rendered":"<div class=\"wpb-content-wrapper\"><p>[vc_row content_placement=&#8221;middle&#8221; css=&#8221;.vc_custom_1455945376982{margin-bottom: 0px !important;}&#8221; el_class=&#8221;stm-row_table&#8221;][vc_column width=&#8221;1\/2&#8243; css=&#8221;.vc_custom_1457152676290{padding-top: 0px !important;}&#8221; offset=&#8221;vc_col-lg-6 vc_col-md-6&#8243;][stm_spacing xs_spacing=&#8221;80px&#8221;][stm_single_image img_alignment=&#8221;right&#8221; img_id=&#8221;5310&#8243; img_size=&#8221;410&#215;648&#8243;][stm_spacing xs_spacing=&#8221;40px&#8221;][\/vc_column][vc_column width=&#8221;1\/12&#8243; css=&#8221;.vc_custom_1457152662097{padding-right: 12px !important;padding-left: 12px !important;}&#8221; offset=&#8221;vc_col-lg-1 vc_hidden-md vc_hidden-sm vc_hidden-xs&#8221;][\/vc_column][vc_column width=&#8221;1\/2&#8243; offset=&#8221;vc_col-lg-5 vc_col-md-6&#8243;][stm_spacing sm_spacing=&#8221;80px&#8221;][stm_title title_tag=&#8221;h2&#8243; sep_enable=&#8221;true&#8221; title=&#8221;La Cooperativa&#8221; sep_css=&#8221;margin-bottom:51px;&#8221; sep_margin_b=&#8221;51px&#8221;][\/stm_title][stm_testimonials stm_testimonial_type=&#8221;single_static&#8221; enable_cite_customization=&#8221;true&#8221; testimonial_text=&#8221;&#8221; testimonial_cite=&#8221;<strong>Mrs Joanna McQuaid<\/strong>, Principal&#8221; cite=&#8221;<strong>Consejo de Administraci\u00f3n<\/strong>, Cooperdomo 2024&#8243; cite_space_top=&#8221;30px&#8221;]Hace m\u00e1s de medio siglo fue fundado el barrio Ismael Perdomo y surgi\u00f3 la necesidad de educar a los ni\u00f1os que llegasen a formar parte de la comunidad. Este sue\u00f1o paso a ser una realidad con la asociaci\u00f3n de varias personas con el objetivo de construir una instituci\u00f3n educativa, el 21 de abril de 1969 se materializ\u00f3 dicho sue\u00f1o: surge<strong> La Cooperativa Especializada en Educaci\u00f3n del Barrio Perdomo &#8211; Cooperdomo<\/strong>, una empresa asociativa de derecho privado sin animo de lucro regida por las disposiciones legales vigentes y en especial la legislaci\u00f3n sobre cooperativas, y ofrece el servicio de educaci\u00f3n formal a trav\u00e9s de el Colegio Cooperativo Monse\u00f1or Ismael Perdomo.[\/stm_testimonials][stm_spacing sm_spacing=&#8221;80px&#8221; xs_spacing=&#8221;80px&#8221;][\/vc_column][\/vc_row][vc_row full_width=&#8221;stretch_row&#8221; css=&#8221;.vc_custom_1455945582302{margin-bottom: 0px !important;padding-top: 38px !important;padding-bottom: 59px !important;background-color: #ffffff !important;}&#8221;][vc_column offset=&#8221;vc_col-lg-8 vc_col-md-7&#8243;][stm_title title_tag=&#8221;h3&#8243; sep_enable=&#8221;true&#8221; title=&#8221;Nuestra Misi\u00f3n&#8221; sep_margin_b=&#8221;41px&#8221;][\/stm_title][vc_column_text css=&#8221;&#8221;]<span style=\"font-weight: 400;\">Es contribuir al desarrollo integral del asociado y su familia, al fortalecimiento del sector cooperativo y a la\u00a0 construcci\u00f3n de capital social en nuestro pa\u00eds.<\/span><\/p>\n<p><span style=\"font-weight: 400;\">Centrada en valores de cooperaci\u00f3n, solidaridad y equidad, trayendo consigo beneficios como: Fomento de la Cooperaci\u00f3n Comunitaria, Desarrollo Econ\u00f3mico Local, reducci\u00f3n de\u00a0 desigualdades Sostenibilidad y Responsabilidad Social ,Innovaci\u00f3n Social, Fortalecimiento del Tejido Social, Educaci\u00f3n y Capacitaci\u00f3n.<\/span>[\/vc_column_text][stm_title title_tag=&#8221;h3&#8243; sep_enable=&#8221;true&#8221; title=&#8221;Nuestra Visi\u00f3n&#8221; sep_margin_b=&#8221;41px&#8221;][\/stm_title][vc_column_text css=&#8221;&#8221;]<span style=\"font-weight: 400;\">La cooperativa por medio del servicio de educaci\u00f3n y el apoyo de sus asociados, fomentamos la educaci\u00f3n del colegio Cooperativo para una Cooperaci\u00f3n, Comunitaria, Desarrollo Econ\u00f3mico Local, Reducci\u00f3n de Desigualdades, Sostenibilidad y Responsabilidad Social ,Innovaci\u00f3n Social, Fortalecimiento del Tejido Social, Educaci\u00f3n y Capacitaci\u00f3n.<\/span>[\/vc_column_text][vc_column_text css=&#8221;&#8221;]Tambi\u00e9n busca el uso de la tecnolog\u00eda para conectar y colaborar a nivel global. En un mundo cada vez m\u00e1s interconectado, los asociados y estudiantes utilizan estas herramientas para promover la justicia social, la sostenibilidad ambiental y el entendimiento intercultural.<\/p>\n<p>En 56 a\u00f1os se ha formado una familia Cooperdomista trazada por varias generaciones que siguen apoyando ese gran sue\u00f1o de formar estudiantes los cuales se les percibe como los aprendices del ma\u00f1ana, la verdad es que ya est\u00e1n dejando una huella significativa en la actualidad, siendo agentes de cambio, innovadores y l\u00edderes. Desde los movimientos sociales que han transformado sociedades hasta las iniciativas cient\u00edficas que han avanzado nuestro entendimiento del universo, los estudiantes han demostrado que la juventud no es un obst\u00e1culo, sino una poderosa fuerza propulsora hacia el progreso.<\/p>\n<p>La curiosidad, la valent\u00eda y el compromiso est\u00e1n impulsando el progreso y el cambio en todos los aspectos de la vida. A medida que avanzamos hacia el futuro, sigamos celebrando y apoyando a estos j\u00f3venes incre\u00edbles, porque en sus manos, el mundo tiene un brillante y esperanzador destino.[\/vc_column_text][\/vc_column][vc_column offset=&#8221;vc_col-lg-4 vc_col-md-5&#8243;][stm_title title_tag=&#8221;h3&#8243; sep_enable=&#8221;true&#8221; title=&#8221;FAQ Cooperativismo&#8221; sep_margin_b=&#8221;50px&#8221;][\/stm_title][vc_tta_accordion gap=&#8221;4&#8243; c_position=&#8221;right&#8221; active_section=&#8221;1&#8243; style=&#8221;outline&#8221; shape=&#8221;square&#8221; color=&#8221;sky&#8221; spacing=&#8221;20&#8243; no_fill=&#8221;true&#8221; css=&#8221;.vc_custom_1452055275115{margin-bottom: 0px !important;}&#8221;][vc_tta_section title=&#8221;\u00bfQue es un Asociado?&#8221; tab_id=&#8221;1450093929511-415e0be7-593e&#8221;][vc_column_text css=&#8221;&#8221;]Al formar parte de la Cooperativa Especializada de Educaci\u00f3n del Barrio Perdomo, usted ya recibe la connotaci\u00f3n de Asociado que es una persona que se une a Cooperdomo para formar parte de un prop\u00f3sito el cual es el servicio de la Educaci\u00f3n Formal a trav\u00e9s del Colegio Cooperativo Monse\u00f1or Ismael Perdomo. Un asociado puede asumir funciones de gesti\u00f3n y pueden tener m\u00e1s responsabilidades y deberes de liderazgo; Participando activamente en la toma de decisiones de la Asamblea General de Asociados, haciendo parte de los entes de administraci\u00f3n como es Consejo de Administraci\u00f3n y sus diferentes comit\u00e9s de trabajo (Educaci\u00f3n, Solidaridad, entre otros) o ejerciendo control a trav\u00e9s de la Junta de vigilancia.[\/vc_column_text][\/vc_tta_section][vc_tta_section title=&#8221;\u00bfQu\u00e9 es un aporte social individual?&#8221; tab_id=&#8221;1450093929611-5656b9f2-29bc&#8221;][vc_column_text css=&#8221;&#8221;]<strong>Al ser Asociado de Cooperdomo,<\/strong> contribuye con un Aporte social que es la participaci\u00f3n que es pagada por los asociados a la cooperativa, mediante cuotas mensuales en dinero y los cuales se les ser\u00e1 reintegrados en el evento de su desvinculaci\u00f3n de la cooperativa.[\/vc_column_text][\/vc_tta_section][vc_tta_section title=&#8221;\u00bfQue es la Asamblea General de Asociados?&#8221; tab_id=&#8221;1726448339494-dc6d7468-3f24&#8243;][vc_column_text css=&#8221;&#8221;]La Asamblea General de Asociados es el \u00f3rgano m\u00e1ximo de la administraci\u00f3n de Cooperdomo, es una herramienta clave para asegurar la transparencia y la participaci\u00f3n democr\u00e1tica en la gesti\u00f3n de la organizaci\u00f3n. Esta asamblea re\u00fane a todos los miembros asociados para tomar decisiones importantes sobre la direcci\u00f3n y gesti\u00f3n de la organizaci\u00f3n, adicional a esto los asociados escogen por medio de votaci\u00f3n a los miembros del Consejo de Administraci\u00f3n y la Junta de Vigilancia, los cuales ejercer\u00e1n sus funciones durante un a\u00f1o.[\/vc_column_text][\/vc_tta_section][vc_tta_section title=&#8221;\u00bfQue es el Consejo de Administraci\u00f3n?&#8221; tab_id=&#8221;1450093991061-bd087cc7-3b83&#8243;][vc_column_text css=&#8221;&#8221;]El consejo de Administraci\u00f3n es el \u00f3rgano de administraci\u00f3n permanente de Cooperdomo, sujeto a la Asamblea General de Asociados y responsable de la direcci\u00f3n general de los negocios y operaciones. Estar\u00e1 integrado por cinco (5) asociados principales y cinco (5) suplentes num\u00e9ricos que cumplen en todo momento los requisitos previstos en los estatutos, elegidos por la Asamblea General para un periodo de un (1) a\u00f1o.[\/vc_column_text][\/vc_tta_section][vc_tta_section title=&#8221;\u00bfQue es la Junta de Vigilancia?&#8221; tab_id=&#8221;1726448423053-8c2ec959-27d7&#8243;][vc_column_text css=&#8221;&#8221;]La junta de vigilancia es el organismo encargado del control social y por tanto debe velar por el correcto funcionamiento y una eficiente administraci\u00f3n de Cooperdomo. Estar\u00e1 conformado por tres (3) miembros principales y suplentes elegidos por la Asamblea General para un periodo de un (1) a\u00f1o.[\/vc_column_text][\/vc_tta_section][\/vc_tta_accordion][\/vc_column][vc_column][stm_call_to_action cta_border_color=&#8221;swampy&#8221; cta_bg_color=&#8221;swampy&#8221; btn_link=&#8221;url:https%3A%2F%2Fcooperdomo.edu.co%2Findex.php%2Fcomite-de-educacion%2F|title:C%C3%B3mite%20de%20Educaci%C3%B3n&#8221;]<\/p>\n<h4><span style=\"color: #ffffff;\">Visita nuestra secci\u00f3n de V\u00eddeos Educativos y educaci\u00f3n es la clave del \u00e9xito colectivo.<\/span><\/h4>\n<p>[\/stm_call_to_action][\/vc_column][\/vc_row][vc_row][vc_column][vc_text_separator title=&#8221;Documentaci\u00f3n Cooperativa&#8221; i_type=&#8221;material&#8221; i_icon_material=&#8221;vc-material vc-material-archive&#8221; i_color=&#8221;green&#8221; color=&#8221;green&#8221; style=&#8221;dotted&#8221; css=&#8221;&#8221; add_icon=&#8221;true&#8221;][vc_custom_heading text=&#8221;Aqu\u00ed encontrar\u00e1s todos los formatos establecidos para nuestra Cooperativa.&#8221; font_container=&#8221;tag:p|text_align:center&#8221; use_theme_fonts=&#8221;yes&#8221; css=&#8221;&#8221;][vc_tta_accordion c_icon=&#8221;chevron&#8221; active_section=&#8221;1&#8243;][vc_tta_section tab_id=&#8221;1731950263603-1d44c397-8e7d&#8221; title=&#8221;Formato Sarlaft&#8221;][vc_column_text css=&#8221;&#8221;]<span style=\"font-size: 10pt;\"><strong>Por favor imprimelo en tama\u00f1o carta, diligencialo y entregalo en f\u00edsico.<\/strong><\/span>[\/vc_column_text][vc_btn title=&#8221;Formato Sarlaft Cooperativa&#8221; style=&#8221;3d&#8221; color=&#8221;green&#8221; size=&#8221;lg&#8221; i_type=&#8221;material&#8221; i_icon_material=&#8221;vc-material vc-material-cloud_download&#8221; css_animation=&#8221;fadeIn&#8221; css=&#8221;&#8221; add_icon=&#8221;true&#8221; link=&#8221;url:https%3A%2F%2Fcooperdomo.edu.co%2Fwp-content%2Fuploads%2F2024%2F11%2FFormato-Sarlaft-Cooperativa-Especializada-de-Educacion-del-Barrio-perdomo-2024.pdf|target:_blank&#8221;][\/vc_tta_section][\/vc_tta_accordion][stm_spacing lg_spacing=&#8221;20&#8243; md_spacing=&#8221;20&#8243; sm_spacing=&#8221;20&#8243; xs_spacing=&#8221;20&#8243;][stm_blockquote blockquote_view_style=&#8221;bordered&#8221;]Tu presencia y participaci\u00f3n es fundamental para el buen desarrollo de COOPERDOMO, en la Asamblea General discutiremos importantes temas relacionados con el futuro y el funcionamiento de nuestra cooperativa. Adem\u00e1s, queremos ofrecerte la oportunidad de formar parte del Consejo de Administraci\u00f3n y de la Junta de Vigilancia. Tu experiencia y compromiso ser\u00edan una valiosa adici\u00f3n a nuestro equipo, y estamos seguros de que tu participaci\u00f3n contribuir\u00e1 significativamente al \u00e9xito y la gesti\u00f3n eficaz de nuestra cooperativa.[\/stm_blockquote][\/vc_column][\/vc_row][vc_row][vc_column width=&#8221;1\/2&#8243;][\/vc_column][vc_column width=&#8221;1\/2&#8243;][stm_single_image img_alignment=&#8221;right&#8221; img_responsive_enable=&#8221;true&#8221; img_border_radius=&#8221;true&#8221; img_id=&#8221;5406&#8243;][\/vc_column][\/vc_row][vc_row][vc_column][stm_footer][\/vc_column][\/vc_row]<\/p>\n<\/div>","protected":false},"excerpt":{"rendered":"<p>[vc_row content_placement=&#8221;middle&#8221; css=&#8221;.vc_custom_1455945376982{margin-bottom: 0px !important;}&#8221; el_class=&#8221;stm-row_table&#8221;][vc_column width=&#8221;1\/2&#8243; css=&#8221;.vc_custom_1457152676290{padding-top: 0px !important;}&#8221; offset=&#8221;vc_col-lg-6 vc_col-md-6&#8243;][stm_spacing xs_spacing=&#8221;80px&#8221;][stm_single_image img_alignment=&#8221;right&#8221; img_id=&#8221;5310&#8243; img_size=&#8221;410&#215;648&#8243;][stm_spacing xs_spacing=&#8221;40px&#8221;][\/vc_column][vc_column width=&#8221;1\/12&#8243; css=&#8221;.vc_custom_1457152662097{padding-right: 12px !important;padding-left: 12px !important;}&#8221; offset=&#8221;vc_col-lg-1 vc_hidden-md vc_hidden-sm vc_hidden-xs&#8221;][\/vc_column][vc_column width=&#8221;1\/2&#8243; offset=&#8221;vc_col-lg-5 vc_col-md-6&#8243;][stm_spacing sm_spacing=&#8221;80px&#8221;][stm_title title_tag=&#8221;h2&#8243; sep_enable=&#8221;true&#8221; title=&#8221;La Cooperativa&#8221; sep_css=&#8221;margin-bottom:51px;&#8221; sep_margin_b=&#8221;51px&#8221;][\/stm_title][stm_testimonials stm_testimonial_type=&#8221;single_static&#8221; enable_cite_customization=&#8221;true&#8221; testimonial_text=&#8221;&#8221; testimonial_cite=&#8221;Mrs Joanna McQuaid, Principal&#8221; cite=&#8221;Consejo de Administraci\u00f3n, Cooperdomo 2024&#8243; cite_space_top=&#8221;30px&#8221;]Hace m\u00e1s de medio siglo fue [&hellip;]<\/p>\n","protected":false},"author":1,"featured_media":0,"parent":0,"menu_order":0,"comment_status":"closed","ping_status":"closed","template":"","meta":{"footnotes":""},"class_list":["post-4322","page","type-page","status-publish","hentry"],"_links":{"self":[{"href":"https:\/\/cooperdomo.edu.co\/index.php\/wp-json\/wp\/v2\/pages\/4322","targetHints":{"allow":["GET"]}}],"collection":[{"href":"https:\/\/cooperdomo.edu.co\/index.php\/wp-json\/wp\/v2\/pages"}],"about":[{"href":"https:\/\/cooperdomo.edu.co\/index.php\/wp-json\/wp\/v2\/types\/page"}],"author":[{"embeddable":true,"href":"https:\/\/cooperdomo.edu.co\/index.php\/wp-json\/wp\/v2\/users\/1"}],"replies":[{"embeddable":true,"href":"https:\/\/cooperdomo.edu.co\/index.php\/wp-json\/wp\/v2\/comments?post=4322"}],"version-history":[{"count":60,"href":"https:\/\/cooperdomo.edu.co\/index.php\/wp-json\/wp\/v2\/pages\/4322\/revisions"}],"predecessor-version":[{"id":6261,"href":"https:\/\/cooperdomo.edu.co\/index.php\/wp-json\/wp\/v2\/pages\/4322\/revisions\/6261"}],"wp:attachment":[{"href":"https:\/\/cooperdomo.edu.co\/index.php\/wp-json\/wp\/v2\/media?parent=4322"}],"curies":[{"name":"wp","href":"https:\/\/api.w.org\/{rel}","templated":true}]}}